
Let o(n) = n**3 - 5*n**2 + 5*n - 6. Suppose -4*f = -5*s - 21, -6*f + 5*f - 4*s = 0. Let b be o(f). Let w be 4/(0/(-4) + b). Let m(p) = p + 2. Give m(w).
0
Suppose 3*x + 0*x - 111 = 0. Suppose -27 + x = 2*p. Suppose 3*t = -2*k + 28 - 5, -p*t + 34 = -k. Let m(q) = q**3 - 6*q**2 - 9*q + 9. Calculate m(t).
-5
Suppose 2*i - 5*c + 21 = 0, 5*i + 9*c - 30 = 5*c. Let x(o) = 3*o**i - 2*o**2 + 2*o - 2*o**2 + 3 - o**2. Calculate x(-3).
-21
Let b(c) be the third derivative of c**5/30 - c**4/4 - 3*c**3/2 - 1667*c**2. Give b(-2).
11
Let f be (-8 - -26)/((-18)/12 - -3). Let z(l) = l**3 - 10*l**2 - 25*l + 15. Calculate z(f).
3
Let i(b) be the third derivative of -1/24*b**4 + 0 + 0*b**5 + 0*b + 7/6*b**3 - 1/360*b**6 + 15*b**2. Let h(m) be the first derivative of i(m). Determine h(2).
-5
Let r(j) = -j**2 + 8*j - 14. Let m = 1915 + -1905. Give r(m).
-34
Let u(m) = 7*m - 4. Let v = 175 - 109. Let g = 59 - v. Determine u(g).
-53
Let y(g) = 45*g + 25. Let f(d) = 101*d + 50. Let i(j) = 4*f(j) - 9*y(j). Calculate i(-10).
-15
Suppose -123 = -36*q + 201. Let j(l) = -l - 9. Let w(t) = 4*t + 27 - 9*t + 9*t. Let x(f) = -7*j(f) - 2*w(f). Calculate x(q).
0
Let p(h) = -h**3 - 6*h**2 - 8*h - 2. Let r(m) = 7*m + 6*m**2 - 5 + 114*m**3 + 2 + 4 - 113*m**3. Let d(f) = 5*p(f) + 6*r(f). Give d(-3).
17
Let v(k) = 2*k + 24. Let f be 7 + -13 - -24*1. Let t(c) = 8*c - 154. Let r be t(f). Determine v(r).
4
Let k(s) = 9 - 15101*s - s**2 + 16 - 8 + 0*s**2 + 15100*s. Let q(i) = i**2 + 3*i + 2. Let o be q(-2). What is k(o)?
17
Let r(g) be the second derivative of g**4/12 + g**3/3 - 3*g**2/2 - g. Let w = 233 + -218. Let c be (-15)/75 + -1 + (-57)/w. Calculate r(c).
12
Let q(z) = 5*z**2 - 20*z + 3. Let w be q(-5). Suppose 4*b + w = 16*b. Let n(i) = i**3 - 19*i**2 + 14. Give n(b).
14
Suppose 632 = -435*a + 156*a - 205. Let d(f) = -2*f**3 - f**2 - 3*f - 1. Determine d(a).
53
Let q be ((-10)/(-35))/(26/182). Let r(w) be the third derivative of 0 + 1/6*w**3 + 0*w + 10*w**q + 1/8*w**4. Determine r(4).
13
Let c(x) = x**3 + 10*x**2 - 45*x + 26. Let t be c(-14). Let i = t + 131. Let z(g) = -3*g**2 + 2*g + 4. What is z(i)?
-17
Let y(p) = p - 3. Let l be y(6). Let h(a) = -2 + 2*a + 273*a**2 - 3*a + 406*a**2 + a + 6*a - 680*a**2. Calculate h(l).
7
Let s(q) = -q**3 + q**2 + 5*q - 6. Let r = 3466 - 3463. Determine s(r).
-9
Suppose -4*c + 2*y + 0*y = 4, -y - 2 = 2*c. Let p be 4*1/(c + 3). Let k(h) be the second derivative of h**4/6 + h**2 - 11*h. Determine k(p).
10
Let w(r) = 2*r**2 - 15*r + 4. Suppose -35 = -4*d - i, -11*d + 15*d = -5*i + 47. What is w(d)?
12
Suppose -15 = 5*y + 3*k + 5, 0 = -4*k - 20. Let a(l) = -l**2 + 1. Let o(z) = z**3 + 16*z**2 - 14*z - 12. Let i(b) = y*o(b) - 4*a(b). Calculate i(-13).
-5
Let o(g) = -16*g**2 - g. Let f = -168 + 159. Suppose -3*p = 18 + 12. Let l be (3/p + f/45)*2. Give o(l).
-15
Let i(k) be the first derivative of -k**2 - 9*k - 2. Let x be (-4)/(-22) - 689/(-143). Suppose 0 = -3*g - 23 + x. What is i(g)?
3
Let p(q) = q**3 + 18*q**2 + 16*q - 12. Let j be p(-17). Let d(w) = -3*w - 4. Let z(x) = -x - 3. Let s(c) = j*z(c) - 2*d(c). Give s(5).
-2
Let b(v) = v**2 + v - 14. Suppose 2*c - 154 = c - 3*k, 0 = -2*c + k + 343. Let m = -242 + c. Let j = 73 + m. Give b(j).
-14
Let p(j) be the third derivative of -j**6/120 - j**5/20 + 11*j**4/12 + 25*j**3/6 + 15*j**2 - 7*j - 5. Determine p(-6).
1
Let d(z) be the first derivative of z**3/3 + 9*z**2/2 + 19*z + 713. What is d(-5)?
-1
Let d(x) be the second derivative of -x**5/5 - x**4/12 + x**2/2 + 552*x + 2. Calculate d(1).
-4
Let f(a) = 2*a + 3. Suppose -5*n + 89 = 2*b, 3*n + 0*n = -2*b + 55. Let h = 20 - n. Let o(g) = -g - 3. Let y(i) = h*o(i) + 2*f(i). Calculate y(5).
2
Let m(u) = -u - 9. Let d = 46 + -46. Let x(y) = -8*y + 17. Let s be x(d). Suppose 0*q = q - 2*t + 11, -2*q - t - s = 0. Determine m(q).
0
Let z(n) = -7*n**2 + 6*n - 87. Let x(p) = -16*p**2 + 10*p - 179. Let a(j) = -4*x(j) + 9*z(j). Give a(-18).
5
Let l(u) = u**2. Let b be l(-2). Let a(k) = -k**3 + 9*k**2 - 18*k + 1. Let c be a(4). Let r(q) = -10*q**2 + 54 + 6*q + c*q**2 - 59. Give r(b).
3
Let y be (-40712)/(-119) + 0 + (-4)/34. Let x be (5/3)/((-2)/12). Let z be y/90 - (-8)/x. Let h(j) = -j**2 + 3. What is h(z)?
-6
Suppose 222*j - 234*j = -60. Suppose -2*g - j*s = g + 4, g + 3*s = 0. Let q(c) = 4*c + 3. Calculate q(g).
-9
Let d(n) = n + 10. Let w(y) = -8*y**2 + 39*y - 1. Let t be w(5). Calculate d(t).
4
Let k(d) = -8*d - 11. Suppose -96*q - 55 = 213 + 212. Calculate k(q).
29
Let o = 3865 - 3865. Let p(v) be the third derivative of 0*v + v**2 - 1/60*v**5 + 0 - 1/24*v**4 + 11/6*v**3. Give p(o).
11
Let m(h) = -11*h - 105. Let d be ((-1)/3)/(102/2754). What is m(d)?
-6
Let f(k) = 43 + 41 + k**2 + 48 + 45 - 2*k - 175. Suppose 4*j + 20 = 0, 4*j = 2*x + 4 - 28. Give f(x).
2
Let a = 633 + -628. Let v(o) = 5*o**2 + 169 - 4*o**3 + a*o**3 - 172 - 6*o. Determine v(-6).
-3
Let d(l) = -l**3 - l**2 + 6*l + 8. Let v(m) = -m**3 + m**2 + 9*m + 9. Let t(z) = -3*d(z) + 2*v(z). Let k be 99/(-21) + 30/(-105). Determine t(k).
-6
Suppose 12*h = -53 + 101. Let n(g) = -3*g**2 - 598*g - 17 + 8*g**2 - h*g**3 + 2*g**2 + 3*g**3 + 595*g. Determine n(6).
1
Let r(u) be the second derivative of -u**4/12 + u**3/6 - 7*u**2/2 + 944*u. What is r(3)?
-13
Let d(s) = 2*s + 32. Let i be d(-15). Let v(b) = 5*b**i + 7 - 3*b - 3*b + 0*b**3 - b**3. Give v(4).
-1
Let p = 4224 + -4219. Let o(j) = j**2 - 5*j - 1. Determine o(p).
-1
Suppose -a - 24 = 9*i - 4*i, 8 = 3*a - i. Let h(u) = 10*u - 4. What is h(a)?
6
Let f(o) = -o**2 + 7*o + 2. Suppose 0 = a + 4*p + 278, p = 3*a - p + 806. Let d be -5*(a/33 - (-4)/22). Let v be (18/(-10))/((-12)/d). Calculate f(v).
8
Let t be (-4144)/444*(-5)/((-40)/6). Let z(w) = -w**3 - 8*w**2 - 4*w + 13. Calculate z(t).
-8
Let d(t) = 26*t - 16*t - 6*t - 41 + 4*t - 3*t. Give d(11).
14
Let k(b) = b**2 + 3*b + 2. Let w = -4 + 48. Let q = -33 + w. Suppose 10*o = q*o + 2. Calculate k(o).
0
Let g be (1/6)/(((-341)/(-330) - 9) + 8). Let h(w) = -3*w**2 + 18*w - 10. Calculate h(g).
5
Let d(n) = -2*n**2 + 22*n. Let b(q) = -10*q**3 + 24*q**2 - 8*q + 9. Let t be b(2). What is d(t)?
36
Let g(l) = l**3 + 5*l**2 - 271*l - 59. Let v be g(-19). Let s(h) = -h**3 + 37*h**2 - 39*h + 89. What is s(v)?
-19
Let x(t) = -13*t**3 + 14*t**2 + 4*t - 3. Let z(a) = 23*a**3 - 26*a**2 - 7*a + 7. Let s(i) = -7*x(i) - 4*z(i). Determine s(6).
-7
Let m(h) be the first derivative of h**3/3 + h**2/2 - 19*h - 1304. Suppose 6*p - 4*p - 4 = 0. Let g = -2 + p. Give m(g).
-19
Let n(s) = -6*s**2 - 2. Let c(v) = 17*v**2 - 4*v + 5. Let l(d) = c(d) + 3*n(d). Determine l(-5).
-6
Let p(i) = i**3 - 9*i**2 + i + 4. Let l = 8496 + -8489. Determine p(l).
-87
Suppose -4*k + 2*l = -6, 3*l = k - 0*l + 11. Suppose 8*x + h - 31 = 12*x, 4*x = k*h - 16. Let g(t) = t**2 + 9*t. Calculate g(x).
0
Suppose 0 = -4*g + 2*g + 10. Suppose 0 = -g*o + 2*f + 11, -15 = 3*o - 6*o - 3*f. Let t(d) = 4*d**3 - 3*d**o - d + 10*d**2 - 2*d - 11*d**2. Calculate t(3).
9
Let i = 40560 - 40552. Let f(z) = -9*z + 72. Calculate f(i).
0
Let y(v) = v**2 + v + 3. Suppose -5*k + r = 17, -4*r + 8 + 9 = -3*k. Determine y(k).
9
Let v(g) be the second derivative of -g**4/6 - g**3/6 + 551*g - 3. Let q be (12 - 11)/((-1)/1). Calculate v(q).
-1
Suppose 0 = -4*g - 32, 7*d - g + 4 = 11*d. Let w(y) be the first derivative of 2*y**4 - 28 + 2/3*y**d - y**2 + y. What is w(1)?
9
Let x(k) = 6*k**2 - 5*k - 6. Suppose 80*y = 97*y + 34. Give x(y).
28
Let b(h) = h**2 - 8*h + 5. Let j = -84 + 123. Suppose 0 = -5*c + 5, -4*c = -2*k + 7*k - j. Calculate b(k).
-2
Let w(o) = o**2 - 2. Let r(a) = -511*a - 4 + 2 + 255*a + 268*a. Let y(m) = r(m) + w(m). What is y(-13)?
9
Let c be 256 + -264 - 1/1*-6. Let o(b) = 29*b + 30. Determine o(c).
-28
Let y(r) be the third derivative of 0 + 238*r**2 + 0*r + 7/3*r**3 - 1/60*r**5 + 5/12*r**4. Give y(10).
14
Suppose 3*j + 36 = -4*t, -4*j - 2 = -t - 2*j. Let n(x) = 14*x**2 + 82*x - 16. Determine n(t).
-4
Let n(g) = g**3 + 5*g**2 + 3*g + 4. Let f be n(-4). Let w be (-236)/118 - -1*12. Suppose 2*k = 3*h + 7*k + f, -4*k = 3*h + w. Let u(i) = -i - 1. Determine u(h).
5
Let g = -520 - -522. Let f(h) = -24*h**3 + 7 - 6*h**g + 21*h**3 + 4*h**3 - 6*h. Calculate f(5).
-48
Let f(r) = -r**3 - 7*r**2 + 9*r + 11. Let b be f(-8). Let d(m) = m - 2 + 0*m + b*m**2 - m**3 - 2*m*